
Let y(b) = -2*b**2 - 29*b + 3. Let s(j) = -7*j + 1. Let c(w) = 9*s(w) - 2*y(w). Determine c(3).
24
Let q(c) = -c**3 + c**2 - c - 1. Let t(o) = -o**3 + 3*o**2 - 7*o - 6. Let y(u) = 3*q(u) - t(u). Suppose -h - 2*x = -8, -1 = 5*h - x + 14. Calculate y(h).
11
Suppose 0 = 4*h - 2*b - 26, -h + 11 = -0*b - 2*b. Let z(g) = -6 + 21*g - 8*g + h. Let l be (0 - (-12)/(-3)) + 3. Determine z(l).
-14
Let v(a) be the first derivative of 3*a**2/2 + 8*a - 7. Let s(r) = r + 1. Let i(w) = 5*s(w) - v(w). Let h = 6 + -4. What is i(h)?
1
Let l(n) = -11*n**2 + n - 6. Let v(y) = 2*y**2 + 1. Let k(f) = l(f) + 6*v(f). Calculate k(-1).
0
Let i(c) = -c**3 + 8*c**2 + 2. Let n = -4 + 8. Let h(f) = 5*f - f - f**3 - 3*f + 7*f**2 + 3. Let q(v) = n*h(v) - 3*i(v). What is q(5)?
1
Let i(w) = w**3 + 6*w**2 + 7*w + 3. Suppose 4*f - 12 - 56 = -4*m, 3*f = -m + 11. Suppose 0*l + m = 4*l. Suppose -2*q - 10 = 4*h, 5*h + 3*q - l = 3*h. Give i(h).
-7
Let v(p) = -p**2 - 7*p + 3. Suppose -5*w = -u - 6, 0 = -5*u + 3*u - w - 12. Give v(u).
9
Let b(z) = z**2 - 4*z - 4. Suppose -i = 2*q - 2, -3*q = 2*i + 3*i - 17. Suppose x - i*c - 1 = 0, 4*x + 4*c = -c - 17. Calculate b(x).
17
Let m(i) = 2*i - 6. Suppose 0 = 22*x - 9*x - 65. Determine m(x).
4
Let v(x) = -2*x**3 - 3*x**2 - x. Let m be v(-2). Let i(b) = b**2 + m*b - 7*b**2 - 4 + 0*b**3 + 2 - b**3. Give i(-7).
5
Let h(r) = 10*r + 7. Let j be h(3). Suppose 4*n - 3*n = -s + 11, 0 = -2*n - 5*s + j. Let g(u) = u + 1. Give g(n).
7
Let q(y) = -y**3 - 10*y**2 - 8*y + 3. Let v be q(-9). Let p be (-4 + 1)*(1 - 2). Let c(b) = -3 - b**3 + b**2 - b**3 + p*b**3 + 5*b**2. Calculate c(v).
-3
Let v(x) = 4*x - 9. Let g(l) be the second derivative of 0*l**2 - 1/6*l**3 + 10*l + 0. Let d(a) = 5*g(a) + v(a). Determine d(-7).
-2
Let d(r) = r**2 + 3*r + 3. Suppose -4*c - 8 = -6*c, -44 = 4*k - 4*c. Let p(a) = a**3 + 6*a**2 - 8*a - 10. Let n be p(k). What is d(n)?
3
Let t be (-2680)/72 - 6/(-27). Let f = 31 + t. Let h(z) = z**2 + 5*z - 4. Determine h(f).
2
Let c(h) = h**2 - 10. Suppose 12 = x - 4*y, -2*x + 0*y = y + 3. Determine c(x).
-10
Let t be 29/(-2) - (-2)/4. Let v be ((-18)/(-21))/((-2)/t). Let m(i) = i**3 - 5*i**2 - 6*i - 4. Determine m(v).
-4
Let o(l) be the second derivative of l**3/2 + 7*l**2/2 + 7*l - 5. Determine o(0).
7
Let r(u) = 2*u**2 + u + 1. Let x(z) = -z**3 - 5*z**2 - 6*z - 2. Let q(o) = r(o) - x(o). Give q(-6).
-3
Let z(k) be the first derivative of -15*k - 3 - 1/2*k**2. Give z(-7).
-8
Let c(k) = -4*k**2 - 37*k + 9. Let j(a) = -6*a**2 - 56*a + 14. Let b(z) = -8*c(z) + 5*j(z). Give b(-8).
-2
Let h(z) = 3*z. Suppose k + 0 - 2 = 0. Let r be (k/3)/(2/3). Suppose 2*q - r = -3. What is h(q)?
-3
Let y(k) = k**3 + 313*k**2 + 3*k - 3 - 315*k**2 + 3. Give y(3).
18
Let f(j) be the first derivative of 2 + 3/2*j**2 + 2*j. Determine f(-5).
-13
Let k = 693 - 701. Let r(y) be the first derivative of -y**4/4 - 3*y**3 - 5*y**2 - 10*y + 2. Determine r(k).
6
Let g = -82 - -86. Let t(i) = 10*i - 9*i - g + i - i**3 + i**2 - 5*i**2. What is t(-4)?
-12
Let z(w) = 6*w**2 - w + 1. Let l(s) = -s - 33. Let y be l(8). Let n = y + 42. Determine z(n).
6
Let x(m) = -5 - 3*m**3 - 349*m**2 + 356*m**2 - m + 2*m**3. What is x(5)?
40
Let u(w) = 10*w + 4. Let c be u(3). Let l = c - 33. Let m(z) = -2*z**3 + 2*z**2 - z. Determine m(l).
-1
Let s(p) = -3*p + 5. Let n(b) = -2*b + 4. Let a(g) = 5*n(g) - 4*s(g). Calculate a(-2).
-4
Suppose -3*w - 18 = 2*k + 2, -2*w - 5 = 3*k. Let a = w + 10. Let o(b) = -b**2 - 4. Give o(a).
-4
Suppose -4*z + 0*z - 2*m + 14 = 0, 4*z + 21 = 5*m. Let u be z/6 + (-29)/(-6). Let q(h) be the third derivative of -h**4/12 + 7*h**3/6 - 2*h**2. Give q(u).
-3
Let n(s) = s**3 + s**2 + 13. Suppose -9*m + 19*m = 0. Give n(m).
13
Let k be (38/(-5))/((-6)/15). Let g(c) = 25*c + k*c - 43*c - 6. Calculate g(-8).
-14
Let i(j) = 11 - 6*j + 5 + 12 - 7. Calculate i(5).
-9
Suppose 12 = 2*v - 6*v, -2 = g + 2*v. Let s(u) = -g - 3*u + u - 7. Give s(-8).
5
Suppose -3*p = -674 - 88. Let a be p/(-7) - (-34)/119. Let r be a/(-10) + (-26)/(-65). Let d(x) = x**3 - 5*x**2 + 2*x + 5. What is d(r)?
-3
Let s(h) = -3*h - 7*h + 11*h - 2 - 2*h. Let d be 4/(-16) + 38/(-8). Give s(d).
3
Let k(g) be the third derivative of g**6/120 + g**5/15 - 227*g**2. Determine k(-4).
0
Let s(w) = -w - 4. Let b = -34 + 46. Let q be (-2*1)/(6/b). Calculate s(q).
0
Let h(k) be the third derivative of k**6/120 - k**5/20 - 4*k**3/3 + 653*k**2. What is h(3)?
-8
Let i(c) = -c - c + 104 - 92. Calculate i(7).
-2
Let o(a) = -11*a - 1. Let n(d) be the first derivative of d**3/3 + 6*d**2 + 34*d - 12. Let l be n(-7). What is o(l)?
10
Let t(c) = 2*c**3 - 15*c**2 + c - 1. Let n(m) be the first derivative of -7 - m + 1/2*m**2 - 23/3*m**3 + 3/4*m**4. Let d(a) = 5*n(a) - 8*t(a). Determine d(3).
12
Let c(m) = -m**2 - 3*m - 2. Let b = -25 + 31. Suppose 0 = 3*p - p + b. Give c(p).
-2
Let y(k) be the third derivative of k**5/60 + k**4/6 - k**3/6 + 57*k**2. What is y(3)?
20
Let j(s) be the third derivative of 0 - 11*s**2 - 1/6*s**3 + 5/24*s**4 + 0*s. What is j(1)?
4
Let s(u) = u**3 - 11*u**2 - 11*u - 10. Let m be s(12). Suppose -m = 5*n + 3. Let x(t) = -6*t. Determine x(n).
6
Let u(n) = 26*n - 377. Let c be u(15). Let k(i) = -4*i + 58. Determine k(c).
6
Let f(a) = -32*a + 1920. Let h be f(60). Let q(z) = 4*z - 7. Let p be -1*(2 - (-1 - -8)). Let u(l) = 7*l - 14. Let x(i) = p*q(i) - 3*u(i). What is x(h)?
7
Suppose 2*n = 5*b + 4*n + 15, 4*n - 6 = 2*b. Let h(r) = -r - 1. Let v be h(-2). Let f(p) = -p + 6 - v - 1. Calculate f(b).
7
Let z = -53 - -55. Let h(o) = -3 + o + 9 + o**3 + 6*o**z - 7. Calculate h(-5).
19
Let v(o) = -o**2 + 7*o - 4. Let w = -1 + 16. Let x = -8 + w. Calculate v(x).
-4
Let n(o) = 5*o**3 + 6*o - 4*o**3 - 268*o**2 + 263*o**2. Give n(4).
8
Suppose 0 = 12*m - 15*m + 126. Let o = m + -43. Let g(s) = -9*s**2 - 2*s - 1. Determine g(o).
-8
Let b(v) = -v**3 - 4*v**2 - v + 4. Let f(r) = -r**3 + 4*r**2 + 4*r + 1. Let n = 18 + -25. Let l = -2 - n. Let t be f(l). Calculate b(t).
8
Suppose 0 = 3*v - 2*k + 28, 0 = -v - 4*k - 10 + 24. Let d(m) = -6*m - 3. Let y(f) = 1. Let p(n) = v*y(n) - d(n). Give p(3).
15
Let v(d) = 41 - 52 + 13 + 4*d + 27. Give v(-10).
-11
Suppose -7*w + 4*w = -9. Let x be -2 - (-1 + (2 - 4)). Let r(s) = -4*s**2 + 3*s - 1. Let b(c) = -c**3 + 1. Let f(q) = x*r(q) - b(q). Determine f(w).
-2
Let o = 26 - 26. Suppose 5*d + 25 = -o*d. Let s(r) = -r. Let n be s(d). Let b(v) = -v**3 + 6*v**2 - 5*v - 4. What is b(n)?
-4
Let f(o) = -2 - 4*o + 2. Let w(y) = -7*y + 12*y - 14 - 2*y. Let d be w(5). Determine f(d).
-4
Suppose -6 = 2*y - 5*k, 10*k - 5*k = 5*y. Let t(i) be the first derivative of 4*i**3/3 - 2*i**2 + 3*i + 430. Determine t(y).
11
Suppose 0 = -b - 6 - 9. Let p = b + 16. Let u(x) = -x**3 + x**2 + x - 1. Determine u(p).
0
Let k(i) = -i**2 - 13*i + 95. Let v be k(-18). Let j(t) = -t**2 + t + 1. Let n(z) = 2*z**2 + 2*z + 2. Let h(r) = -3*j(r) - n(r). Give h(v).
-5
Suppose -5*t = -t - 8. Let p(w) = 153*w**3 + w**t - 152*w**3 + 3*w**2. Let m = 1 - 5. What is p(m)?
0
Let m(r) = r**2 - 4*r + 6. Let z = 27 + -27. Suppose z = -6*w + 9*w - 9. Suppose f + w*t + 10 = 29, 3*t - 23 = -2*f. Determine m(f).
6
Let z(h) = -5*h - h**2 + 0*h + h + 1. Determine z(-6).
-11
Let h(c) be the third derivative of c**7/840 + c**6/360 + c**5/60 + c**4/8 + 8*c**3/3 + 19*c**2. Let a(u) be the first derivative of h(u). Give a(-3).
-21
Suppose 57*k + 18*k = -600. Let h(u) = u**3 + 9*u**2 + 8*u - 11. Determine h(k).
-11
Let f = 86 + -82. Let b(y) = f - y**2 + 0*y**2 + 36*y - 36*y. What is b(5)?
-21
Let p = 48 + -111. Let g = p + 58. Let f(r) = -r**2 - 5*r + 2. Determine f(g).
2
Let z(i) = -254*i**2 - 251*i**2 - 253*i**2 - i**3 - 244*i**2 - 18 + 1003*i**2. Give z(0).
-18
Let n = -325 + 325. Let z(b) = b**3 + b**2 - b + 14. Give z(n).
14
Let k(u) = u**2 - 15*u - 3. Let x be k(15). Let c(r) = 2*r**3 + 3*r**2 - 3*r + 3. Calculate c(x).
-15
Suppose -d = -3 + 1. Let v = -7 + d. Let p(l) = 17 + 6 + 2*l + 2*l - 19. Give p(v).
-16
Let m(c) = -6*c + 5. Let p(i) be the first derivative of 6*i**2 - 9*i + 9. Let y(g) = 5*m(g) + 3*p(g). What is y(4)?
22
Let a(c) = -c**2 + 3*c + 4. Let n(w) = 2*w**2 - 7*w - 7. Let i(u) = 5*a(u) + 3*n(u). What is i(5)?
-6
Let w(q) = -q**2 + 5*q + 7. Let v(h) = -14*h - 65. Let k be v(-5). Give w(k).
7
Let b(c) = c**3 + 10*c**2 +